{"id":14405,"date":"2024-05-08T15:00:39","date_gmt":"2024-05-08T18:00:39","guid":{"rendered":"https:\/\/uruguayaudiovisual.com\/?post_type=proyecto&#038;p=14405"},"modified":"2025-05-23T12:52:28","modified_gmt":"2025-05-23T15:52:28","slug":"el-aniversario","status":"publish","type":"proyecto","link":"https:\/\/uruguayaudiovisual.com\/en\/proyecto\/el-aniversario\/","title":{"rendered":"EL ANIVERSARIO"},"content":{"rendered":"<ul class=\"wpuf_customs\">            <li class=\"wpuf-field-data wpuf-field-data-text_field\">\n                                    <label>T\u00edtulo Ingles:<\/label>\n                                THE ANNIVERSARY            <\/li>\n                    <li class=\"wpuf-field-data wpuf-field-data-textarea_field\">\n                                   <label>Sinopsis Espa\u00f1ol:<\/label>\n                               <p>Cuatro mujeres de una familia se ven obligadas a hacer de urgencia un viaje de 1800 km en auto. Varios imprevistos entorpecer\u00e1n la convivencia, y entre complicidades y resentimientos algo explotar\u00e1 entre ellas.<\/p>\n            <\/li>\n                     <li class=\"wpuf-field-data wpuf-field-data-textarea_field\">\n                                   <label>Sinopsis Ingles:<\/label>\n                               <p>Four women from a family are forced to make an emergency 1800 km trip by car. Several unforeseen events will hinder coexistence,<br \/>\nand between complicities and resentments something will explode between them.<\/p>\n            <\/li>\n         <li style=\"list-style-type:none;\"><label>Imagen Proyecto:<\/label> <a href=\"https:\/\/uruguayaudiovisual.com\/wp-content\/uploads\/2024\/04\/img994.jpg\"><img decoding=\"async\" width=\"150\" height=\"150\" src=\"https:\/\/uruguayaudiovisual.com\/wp-content\/uploads\/2024\/04\/img994-150x150.jpg\" class=\"attachment-thumbnail size-thumbnail\" alt=\"\" srcset=\"https:\/\/uruguayaudiovisual.com\/wp-content\/uploads\/2024\/04\/img994-66x66.jpg 66w, https:\/\/uruguayaudiovisual.com\/wp-content\/uploads\/2024\/04\/img994-150x150.jpg 150w\" sizes=\"(max-width: 150px) 100vw, 150px\" \/><\/a> <\/li>            <li class=\"wpuf-field-data wpuf-field-data-numeric_text_field\">\n                                    <label>A\u00f1o Producci\u00f3n:<\/label>\n                                2023            <\/li>\n                    <li class=\"wpuf-field-data wpuf-field-data-dropdown_field\">\n                                    <label>Pa\u00eds Mayoritario Producci\u00f3n:<\/label>\n                                Argentina            <\/li>\n                    <li class=\"wpuf-field-data wpuf-field-data-textarea_field\">\n                                   <label>Otros Pa\u00edses Participantes:<\/label>\n                               <p>Argentina<br \/>\nUruguay<\/p>\n            <\/li>\n                     <li class=\"wpuf-field-data wpuf-field-data-text_field\">\n                                    <label>Director:<\/label>\n                                Florencia Percia            <\/li>\n                    <li class=\"wpuf-field-data wpuf-field-data-textarea_field\">\n                                   <label>Bio Director Espa\u00f1ol:<\/label>\n                               <p>Florencia Percia se licenci\u00f3 en Direcci\u00f3n Cinematogr\u00e1fica en la Universidad del<br \/>\nCine. Escribi\u00f3 y dirigi\u00f3 cortometrajes que fueron parte de numerosos festivales<br \/>\ninternacionales y nacionales como Minimercado Champion 2010, El poblado 2014, El mes del amigo 2016, ganador en BAFICI, Americas Film Festival NYC, Festifreak.<br \/>\nSu primer largometraje Cet\u00e1ceos 2017 fue producido por Argentina e Italia y particip\u00f3 de<br \/>\nimportantes festivales como BAFICI, Festival Latinoamericano de Toulouse, Cine Global<br \/>\nde Rep\u00fablica Dominicana, Festival Internacional de Cine de Mar del Plata, recibiendo varios premios y una menci\u00f3n especial del jurado en el Festival Internacional de Cine Independiente de Roma.<\/p>\n            <\/li>\n                     <li class=\"wpuf-field-data wpuf-field-data-textarea_field\">\n                                   <label>Bio Director Ingles:<\/label>\n                               <p>Florencia Percia graduated in Film Direction from the Universidad del Cine. She wrote<br \/>\nand directed short films that were part of numerous international and national festivals<br \/>\nsuch as Minimercado Champion 2010, El pueblo 2014, El mes del amigo 2016, winner at<br \/>\nBAFICI, Americas Film Festival NYC, Festifreak.<br \/>\nHer first feature film Cetaceans 2017 was produced by Argentina and Italy and<br \/>\nparticipated in important festivals such as BAFICI, Toulouse Latin American Festival,<br \/>\nDominican Republic Global Cinema, Mar del Plata International Film Festival, receiving<br \/>\nseveral awards and a special mention from the jury. at the Rome International<br \/>\nIndependent Film Festival.<\/p>\n            <\/li>\n                     <li class=\"wpuf-field-data wpuf-field-data-textarea_field\">\n                                   <label>Producci\u00f3n Proyecto:<\/label>\n                               <p>Micaela Sol\u00e9<\/p>\n            <\/li>\n                     <li class=\"wpuf-field-data wpuf-field-data-textarea_field\">\n                                   <label>Gui\u00f3n Proyecto:<\/label>\n                               <p>Florencia Percia<\/p>\n            <\/li>\n                     <li class=\"wpuf-field-data wpuf-field-data-textarea_field\">\n                                   <label>Fondos Obtenidos:<\/label>\n                               <p>Fondo de Fomento - Coproducci\u00f3n<br \/>\nINCAA<\/p>\n            <\/li>\n                     <li class=\"wpuf-field-data wpuf-field-data-text_field\">\n                                    <label>Casa Productora:<\/label>\n                                Cordon Films            <\/li>\n                    <li class=\"wpuf-field-data wpuf-field-data-email_address\">\n                                    <label>Email Proyecto:<\/label>\n                                <a href=\"mailto:micaela@cordonfilms.com\">micaela@cordonfilms.com<\/a>            <\/li>\n                    <li class=\"wpuf-field-data wpuf-field-data-website_url\">\n                                    <label>Web Proyecto:<\/label>\n                                <a href=\"https:\/\/www.cordonfilms.com\/\"\n                     > https:\/\/www.cordonfilms.com\/ <\/a>\n            <\/li>\n        <\/ul>","protected":false},"author":125,"featured_media":0,"template":"","busqueda_obra":[770],"duracion_obra":[739],"estado_obra":[733],"genero_obra":[747],"tipo_obra":[736],"class_list":["post-14405","proyecto","type-proyecto","status-publish","hentry","busqueda_obra-coproduccion","duracion_obra-largometraje","estado_obra-desarrollo-produccion","genero_obra-comedia","tipo_obra-ficcion"],"acf":[],"yoast_head":"<!-- This site is optimized with the Yoast SEO plugin v25.0 - https:\/\/yoast.com\/wordpress\/plugins\/seo\/ -->\n<title>EL ANIVERSARIO - Uruguay Audiovisual<\/title>\n<meta name=\"robots\" content=\"index, follow, max-snippet:-1, max-image-preview:large, max-video-preview:-1\" \/>\n<link rel=\"canonical\" href=\"https:\/\/uruguayaudiovisual.com\/en\/proyecto\/el-aniversario\/\" \/>\n<meta property=\"og:locale\" content=\"en_US\" \/>\n<meta property=\"og:type\" content=\"article\" \/>\n<meta property=\"og:title\" content=\"EL ANIVERSARIO - Uruguay Audiovisual\" \/>\n<meta property=\"og:description\" content=\"T\u00edtulo Ingles: THE ANNIVERSARY Sinopsis Espa\u00f1ol: Cuatro mujeres de una familia se ven obligadas a hacer de urgencia un viaje de 1800 km en auto. Varios imprevistos entorpecer\u00e1n la convivencia, y entre complicidades y resentimientos algo\" \/>\n<meta property=\"og:url\" content=\"https:\/\/uruguayaudiovisual.com\/en\/proyecto\/el-aniversario\/\" \/>\n<meta property=\"og:site_name\" content=\"Uruguay Audiovisual\" \/>\n<meta property=\"article:modified_time\" content=\"2025-05-23T15:52:28+00:00\" \/>\n<meta name=\"twitter:card\" content=\"summary_large_image\" \/>\n<script type=\"application\/ld+json\" class=\"yoast-schema-graph\">{\"@context\":\"https:\/\/schema.org\",\"@graph\":[{\"@type\":\"WebPage\",\"@id\":\"https:\/\/uruguayaudiovisual.com\/en\/proyecto\/el-aniversario\/\",\"url\":\"https:\/\/uruguayaudiovisual.com\/en\/proyecto\/el-aniversario\/\",\"name\":\"EL ANIVERSARIO - Uruguay Audiovisual\",\"isPartOf\":{\"@id\":\"https:\/\/uruguayaudiovisual.com\/en\/#website\"},\"datePublished\":\"2024-05-08T18:00:39+00:00\",\"dateModified\":\"2025-05-23T15:52:28+00:00\",\"breadcrumb\":{\"@id\":\"https:\/\/uruguayaudiovisual.com\/en\/proyecto\/el-aniversario\/#breadcrumb\"},\"inLanguage\":\"en-US\",\"potentialAction\":[{\"@type\":\"ReadAction\",\"target\":[\"https:\/\/uruguayaudiovisual.com\/en\/proyecto\/el-aniversario\/\"]}]},{\"@type\":\"BreadcrumbList\",\"@id\":\"https:\/\/uruguayaudiovisual.com\/en\/proyecto\/el-aniversario\/#breadcrumb\",\"itemListElement\":[{\"@type\":\"ListItem\",\"position\":1,\"name\":\"Portada\",\"item\":\"https:\/\/uruguayaudiovisual.com\/en\/\"},{\"@type\":\"ListItem\",\"position\":2,\"name\":\"Recent Releases and Projects\",\"item\":\"https:\/\/uruguayaudiovisual.com\/en\/proyectos\/\"},{\"@type\":\"ListItem\",\"position\":3,\"name\":\"EL ANIVERSARIO\"}]},{\"@type\":\"WebSite\",\"@id\":\"https:\/\/uruguayaudiovisual.com\/en\/#website\",\"url\":\"https:\/\/uruguayaudiovisual.com\/en\/\",\"name\":\"Uruguay Audiovisual\",\"description\":\"Uruguay Audiovisual\",\"publisher\":{\"@id\":\"https:\/\/uruguayaudiovisual.com\/en\/#organization\"},\"potentialAction\":[{\"@type\":\"SearchAction\",\"target\":{\"@type\":\"EntryPoint\",\"urlTemplate\":\"https:\/\/uruguayaudiovisual.com\/en\/?s={search_term_string}\"},\"query-input\":{\"@type\":\"PropertyValueSpecification\",\"valueRequired\":true,\"valueName\":\"search_term_string\"}}],\"inLanguage\":\"en-US\"},{\"@type\":\"Organization\",\"@id\":\"https:\/\/uruguayaudiovisual.com\/en\/#organization\",\"name\":\"Uruguay Audiovisual\",\"url\":\"https:\/\/uruguayaudiovisual.com\/en\/\",\"logo\":{\"@type\":\"ImageObject\",\"inLanguage\":\"en-US\",\"@id\":\"https:\/\/uruguayaudiovisual.com\/en\/#\/schema\/logo\/image\/\",\"url\":\"https:\/\/uruguayaudiovisual.com\/wp-content\/uploads\/2020\/01\/LOGO-URUGUAY-AUDIOVISUAL-colores-01.svg\",\"contentUrl\":\"https:\/\/uruguayaudiovisual.com\/wp-content\/uploads\/2020\/01\/LOGO-URUGUAY-AUDIOVISUAL-colores-01.svg\",\"width\":226,\"height\":84,\"caption\":\"Uruguay Audiovisual\"},\"image\":{\"@id\":\"https:\/\/uruguayaudiovisual.com\/en\/#\/schema\/logo\/image\/\"}}]}<\/script>\n<!-- \/ Yoast SEO plugin. -->","yoast_head_json":{"title":"EL ANIVERSARIO - Uruguay Audiovisual","robots":{"index":"index","follow":"follow","max-snippet":"max-snippet:-1","max-image-preview":"max-image-preview:large","max-video-preview":"max-video-preview:-1"},"canonical":"https:\/\/uruguayaudiovisual.com\/en\/proyecto\/el-aniversario\/","og_locale":"en_US","og_type":"article","og_title":"EL ANIVERSARIO - Uruguay Audiovisual","og_description":"T\u00edtulo Ingles: THE ANNIVERSARY Sinopsis Espa\u00f1ol: Cuatro mujeres de una familia se ven obligadas a hacer de urgencia un viaje de 1800 km en auto. Varios imprevistos entorpecer\u00e1n la convivencia, y entre complicidades y resentimientos algo","og_url":"https:\/\/uruguayaudiovisual.com\/en\/proyecto\/el-aniversario\/","og_site_name":"Uruguay Audiovisual","article_modified_time":"2025-05-23T15:52:28+00:00","twitter_card":"summary_large_image","schema":{"@context":"https:\/\/schema.org","@graph":[{"@type":"WebPage","@id":"https:\/\/uruguayaudiovisual.com\/en\/proyecto\/el-aniversario\/","url":"https:\/\/uruguayaudiovisual.com\/en\/proyecto\/el-aniversario\/","name":"EL ANIVERSARIO - Uruguay Audiovisual","isPartOf":{"@id":"https:\/\/uruguayaudiovisual.com\/en\/#website"},"datePublished":"2024-05-08T18:00:39+00:00","dateModified":"2025-05-23T15:52:28+00:00","breadcrumb":{"@id":"https:\/\/uruguayaudiovisual.com\/en\/proyecto\/el-aniversario\/#breadcrumb"},"inLanguage":"en-US","potentialAction":[{"@type":"ReadAction","target":["https:\/\/uruguayaudiovisual.com\/en\/proyecto\/el-aniversario\/"]}]},{"@type":"BreadcrumbList","@id":"https:\/\/uruguayaudiovisual.com\/en\/proyecto\/el-aniversario\/#breadcrumb","itemListElement":[{"@type":"ListItem","position":1,"name":"Portada","item":"https:\/\/uruguayaudiovisual.com\/en\/"},{"@type":"ListItem","position":2,"name":"Recent Releases and Projects","item":"https:\/\/uruguayaudiovisual.com\/en\/proyectos\/"},{"@type":"ListItem","position":3,"name":"EL ANIVERSARIO"}]},{"@type":"WebSite","@id":"https:\/\/uruguayaudiovisual.com\/en\/#website","url":"https:\/\/uruguayaudiovisual.com\/en\/","name":"Uruguay Audiovisual","description":"Uruguay Audiovisual","publisher":{"@id":"https:\/\/uruguayaudiovisual.com\/en\/#organization"},"potentialAction":[{"@type":"SearchAction","target":{"@type":"EntryPoint","urlTemplate":"https:\/\/uruguayaudiovisual.com\/en\/?s={search_term_string}"},"query-input":{"@type":"PropertyValueSpecification","valueRequired":true,"valueName":"search_term_string"}}],"inLanguage":"en-US"},{"@type":"Organization","@id":"https:\/\/uruguayaudiovisual.com\/en\/#organization","name":"Uruguay Audiovisual","url":"https:\/\/uruguayaudiovisual.com\/en\/","logo":{"@type":"ImageObject","inLanguage":"en-US","@id":"https:\/\/uruguayaudiovisual.com\/en\/#\/schema\/logo\/image\/","url":"https:\/\/uruguayaudiovisual.com\/wp-content\/uploads\/2020\/01\/LOGO-URUGUAY-AUDIOVISUAL-colores-01.svg","contentUrl":"https:\/\/uruguayaudiovisual.com\/wp-content\/uploads\/2020\/01\/LOGO-URUGUAY-AUDIOVISUAL-colores-01.svg","width":226,"height":84,"caption":"Uruguay Audiovisual"},"image":{"@id":"https:\/\/uruguayaudiovisual.com\/en\/#\/schema\/logo\/image\/"}}]}},"_links":{"self":[{"href":"https:\/\/uruguayaudiovisual.com\/en\/wp-json\/wp\/v2\/proyecto\/14405","targetHints":{"allow":["GET"]}}],"collection":[{"href":"https:\/\/uruguayaudiovisual.com\/en\/wp-json\/wp\/v2\/proyecto"}],"about":[{"href":"https:\/\/uruguayaudiovisual.com\/en\/wp-json\/wp\/v2\/types\/proyecto"}],"author":[{"embeddable":true,"href":"https:\/\/uruguayaudiovisual.com\/en\/wp-json\/wp\/v2\/users\/125"}],"version-history":[{"count":1,"href":"https:\/\/uruguayaudiovisual.com\/en\/wp-json\/wp\/v2\/proyecto\/14405\/revisions"}],"predecessor-version":[{"id":14970,"href":"https:\/\/uruguayaudiovisual.com\/en\/wp-json\/wp\/v2\/proyecto\/14405\/revisions\/14970"}],"wp:attachment":[{"href":"https:\/\/uruguayaudiovisual.com\/en\/wp-json\/wp\/v2\/media?parent=14405"}],"wp:term":[{"taxonomy":"busqueda_obra","embeddable":true,"href":"https:\/\/uruguayaudiovisual.com\/en\/wp-json\/wp\/v2\/busqueda_obra?post=14405"},{"taxonomy":"duracion_obra","embeddable":true,"href":"https:\/\/uruguayaudiovisual.com\/en\/wp-json\/wp\/v2\/duracion_obra?post=14405"},{"taxonomy":"estado_obra","embeddable":true,"href":"https:\/\/uruguayaudiovisual.com\/en\/wp-json\/wp\/v2\/estado_obra?post=14405"},{"taxonomy":"genero_obra","embeddable":true,"href":"https:\/\/uruguayaudiovisual.com\/en\/wp-json\/wp\/v2\/genero_obra?post=14405"},{"taxonomy":"tipo_obra","embeddable":true,"href":"https:\/\/uruguayaudiovisual.com\/en\/wp-json\/wp\/v2\/tipo_obra?post=14405"}],"curies":[{"name":"wp","href":"https:\/\/api.w.org\/{rel}","templated":true}]}}

<ul class="wpuf_customs">            <li class="wpuf-field-data wpuf-field-data-text_field">
                                    <label>Título Ingles:</label>
                                THE ANNIVERSARY            </li>
                    <li class="wpuf-field-data wpuf-field-data-textarea_field">
                                   <label>Sinopsis Español:</label>
                               <p>Cuatro mujeres de una familia se ven obligadas a hacer de urgencia un viaje de 1800 km en auto. Varios imprevistos entorpecerán la convivencia, y entre complicidades y resentimientos algo explotará entre ellas.</p>
            </li>
                     <li class="wpuf-field-data wpuf-field-data-textarea_field">
                                   <label>Sinopsis Ingles:</label>
                               <p>Four women from a family are forced to make an emergency 1800 km trip by car. Several unforeseen events will hinder coexistence,<br />
and between complicities and resentments something will explode between them.</p>
            </li>
         <li style="list-style-type:none;"><label>Imagen Proyecto:</label> <a href="https://uruguayaudiovisual.com/wp-content/uploads/2024/04/img994.jpg"><img decoding="async" width="150" height="150" src="https://uruguayaudiovisual.com/wp-content/uploads/2024/04/img994-150x150.jpg" class="attachment-thumbnail size-thumbnail" alt="" srcset="https://uruguayaudiovisual.com/wp-content/uploads/2024/04/img994-66x66.jpg 66w, https://uruguayaudiovisual.com/wp-content/uploads/2024/04/img994-150x150.jpg 150w" sizes="(max-width: 150px) 100vw, 150px" /></a> </li>            <li class="wpuf-field-data wpuf-field-data-numeric_text_field">
                                    <label>Año Producción:</label>
                                2023            </li>
                    <li class="wpuf-field-data wpuf-field-data-dropdown_field">
                                    <label>País Mayoritario Producción:</label>
                                Argentina            </li>
                    <li class="wpuf-field-data wpuf-field-data-textarea_field">
                                   <label>Otros Países Participantes:</label>
                               <p>Argentina<br />
Uruguay</p>
            </li>
                     <li class="wpuf-field-data wpuf-field-data-text_field">
                                    <label>Director:</label>
                                Florencia Percia            </li>
                    <li class="wpuf-field-data wpuf-field-data-textarea_field">
                                   <label>Bio Director Español:</label>
                               <p>Florencia Percia se licenció en Dirección Cinematográfica en la Universidad del<br />
Cine. Escribió y dirigió cortometrajes que fueron parte de numerosos festivales<br />
internacionales y nacionales como Minimercado Champion 2010, El poblado 2014, El mes del amigo 2016, ganador en BAFICI, Americas Film Festival NYC, Festifreak.<br />
Su primer largometraje Cetáceos 2017 fue producido por Argentina e Italia y participó de<br />
importantes festivales como BAFICI, Festival Latinoamericano de Toulouse, Cine Global<br />
de República Dominicana, Festival Internacional de Cine de Mar del Plata, recibiendo varios premios y una mención especial del jurado en el Festival Internacional de Cine Independiente de Roma.</p>
            </li>
                     <li class="wpuf-field-data wpuf-field-data-textarea_field">
                                   <label>Bio Director Ingles:</label>
                               <p>Florencia Percia graduated in Film Direction from the Universidad del Cine. She wrote<br />
and directed short films that were part of numerous international and national festivals<br />
such as Minimercado Champion 2010, El pueblo 2014, El mes del amigo 2016, winner at<br />
BAFICI, Americas Film Festival NYC, Festifreak.<br />
Her first feature film Cetaceans 2017 was produced by Argentina and Italy and<br />
participated in important festivals such as BAFICI, Toulouse Latin American Festival,<br />
Dominican Republic Global Cinema, Mar del Plata International Film Festival, receiving<br />
several awards and a special mention from the jury. at the Rome International<br />
Independent Film Festival.</p>
            </li>
                     <li class="wpuf-field-data wpuf-field-data-textarea_field">
                                   <label>Producción Proyecto:</label>
                               <p>Micaela Solé</p>
            </li>
                     <li class="wpuf-field-data wpuf-field-data-textarea_field">
                                   <label>Guión Proyecto:</label>
                               <p>Florencia Percia</p>
            </li>
                     <li class="wpuf-field-data wpuf-field-data-textarea_field">
                                   <label>Fondos Obtenidos:</label>
                               <p>Fondo de Fomento - Coproducción<br />
INCAA</p>
            </li>
                     <li class="wpuf-field-data wpuf-field-data-text_field">
                                    <label>Casa Productora:</label>
                                Cordon Films            </li>
                    <li class="wpuf-field-data wpuf-field-data-email_address">
                                    <label>Email Proyecto:</label>
                                <a href="mailto:micaela@cordonfilms.com">micaela@cordonfilms.com</a>            </li>
                    <li class="wpuf-field-data wpuf-field-data-website_url">
                                    <label>Web Proyecto:</label>
                                <a href="https://www.cordonfilms.com/"
                     > https://www.cordonfilms.com/ </a>
            </li>
        </ul>

<!-- This site is optimized with the Yoast SEO plugin v25.0 - https://yoast.com/wordpress/plugins/seo/ -->
<title>EL ANIVERSARIO - Uruguay Audiovisual</title>
<meta name="robots" content="index, follow, max-snippet:-1, max-image-preview:large, max-video-preview:-1" />
<link rel="canonical" href="https://uruguayaudiovisual.com/en/proyecto/el-aniversario/" />
<meta property="og:locale" content="en_US" />
<meta property="og:type" content="article" />
<meta property="og:title" content="EL ANIVERSARIO - Uruguay Audiovisual" />
<meta property="og:description" content="Título Ingles: THE ANNIVERSARY Sinopsis Español: Cuatro mujeres de una familia se ven obligadas a hacer de urgencia un viaje de 1800 km en auto. Varios imprevistos entorpecerán la convivencia, y entre complicidades y resentimientos algo" />
<meta property="og:url" content="https://uruguayaudiovisual.com/en/proyecto/el-aniversario/" />
<meta property="og:site_name" content="Uruguay Audiovisual" />
<meta property="article:modified_time" content="2025-05-23T15:52:28+00:00" />
<meta name="twitter:card" content="summary_large_image" />
<script type="application/ld+json" class="yoast-schema-graph">{"@context":"https://schema.org","@graph":[{"@type":"WebPage","@id":"https://uruguayaudiovisual.com/en/proyecto/el-aniversario/","url":"https://uruguayaudiovisual.com/en/proyecto/el-aniversario/","name":"EL ANIVERSARIO - Uruguay Audiovisual","isPartOf":{"@id":"https://uruguayaudiovisual.com/en/#website"},"datePublished":"2024-05-08T18:00:39+00:00","dateModified":"2025-05-23T15:52:28+00:00","breadcrumb":{"@id":"https://uruguayaudiovisual.com/en/proyecto/el-aniversario/#breadcrumb"},"inLanguage":"en-US","potentialAction":[{"@type":"ReadAction","target":["https://uruguayaudiovisual.com/en/proyecto/el-aniversario/"]}]},{"@type":"BreadcrumbList","@id":"https://uruguayaudiovisual.com/en/proyecto/el-aniversario/#breadcrumb","itemListElement":[{"@type":"ListItem","position":1,"name":"Portada","item":"https://uruguayaudiovisual.com/en/"},{"@type":"ListItem","position":2,"name":"Recent Releases and Projects","item":"https://uruguayaudiovisual.com/en/proyectos/"},{"@type":"ListItem","position":3,"name":"EL ANIVERSARIO"}]},{"@type":"WebSite","@id":"https://uruguayaudiovisual.com/en/#website","url":"https://uruguayaudiovisual.com/en/","name":"Uruguay Audiovisual","description":"Uruguay Audiovisual","publisher":{"@id":"https://uruguayaudiovisual.com/en/#organization"},"potentialAction":[{"@type":"SearchAction","target":{"@type":"EntryPoint","urlTemplate":"https://uruguayaudiovisual.com/en/?s={search_term_string}"},"query-input":{"@type":"PropertyValueSpecification","valueRequired":true,"valueName":"search_term_string"}}],"inLanguage":"en-US"},{"@type":"Organization","@id":"https://uruguayaudiovisual.com/en/#organization","name":"Uruguay Audiovisual","url":"https://uruguayaudiovisual.com/en/","logo":{"@type":"ImageObject","inLanguage":"en-US","@id":"https://uruguayaudiovisual.com/en/#/schema/logo/image/","url":"https://uruguayaudiovisual.com/wp-content/uploads/2020/01/LOGO-URUGUAY-AUDIOVISUAL-colores-01.svg","contentUrl":"https://uruguayaudiovisual.com/wp-content/uploads/2020/01/LOGO-URUGUAY-AUDIOVISUAL-colores-01.svg","width":226,"height":84,"caption":"Uruguay Audiovisual"},"image":{"@id":"https://uruguayaudiovisual.com/en/#/schema/logo/image/"}}]}</script>
<!-- / Yoast SEO plugin. -->

Título Ingles: THE ANNIVERSARY Sinopsis Español: Cuatro mujeres de una familia se ven obligadas a hacer de urgencia un viaje de 1800 km en auto. Varios imprevistos entorpecerán la convivencia, y entre complicidades y resentimientos algo
