{"id":16148,"date":"2022-10-13T15:04:30","date_gmt":"2022-10-13T18:04:30","guid":{"rendered":"https:\/\/uruguayaudiovisual.com\/?post_type=festival&#038;p=16148"},"modified":"2026-04-27T17:21:49","modified_gmt":"2026-04-27T20:21:49","slug":"puentes-al-sur","status":"publish","type":"festival","link":"https:\/\/uruguayaudiovisual.com\/en\/festival\/puentes-al-sur\/","title":{"rendered":"PUENTES AL SUR"},"content":{"rendered":"\n<p>PUENTES AL SUR es un festival internacional de cine con sede en Uruguay que nace para contar historias sobre movimiento, movilidad humana y migraci\u00f3n latinoamericana y caribe\u00f1a por el mundo.<\/p>\n\n\n\n<p>Como los puentes, busca conectar, transitar, caminar y crear nuevos escenarios posibles a trav\u00e9s de un audiovisual contempor\u00e1neo que trasciende fronteras geogr\u00e1ficas tanto internas como externas.<\/p>\n\n\n\n<p>Su misi\u00f3n desde el cine es tejer redes, sensibilizar, generar aprendizajes y desmitificar estereotipos sobre la movilidad humana, revalorizando las experiencias y trayectorias de quienes se mueven, transitan y transforman territorios.<\/p>\n\n\n\n<p>El festival propone un espacio descentralizado de encuentro e intercambio de saberes, funcionando como hervidero creativo para promover narrativas m\u00e1s inclusivas, diversas y resilientes hacia la movilidad y los derechos humanos.<\/p>\n","protected":false},"excerpt":{"rendered":"<p>PUENTES AL SUR es un festival internacional de cine con sede en Uruguay que nace para contar historias sobre movimiento, movilidad humana y migraci\u00f3n latinoamericana y caribe\u00f1a por el mundo. Como los puentes, busca conectar, transitar,<\/p>\n","protected":false},"featured_media":16149,"template":"","festival_categoria":[721],"class_list":["post-16148","festival","type-festival","status-publish","has-post-thumbnail","hentry","festival_categoria-todos"],"acf":[],"yoast_head":"<!-- This site is optimized with the Yoast SEO plugin v25.0 - https:\/\/yoast.com\/wordpress\/plugins\/seo\/ -->\n<title>PUENTES AL SUR - Uruguay Audiovisual<\/title>\n<meta name=\"description\" content=\"PUENTES AL SUR es un festival internacional de cine con sede en Uruguay que nace para contar historias sobre movimiento, movilidad humana y migraci\u00f3n latinoamericana y caribe\u00f1a por el mundo.\" \/>\n<meta name=\"robots\" content=\"index, follow, max-snippet:-1, max-image-preview:large, max-video-preview:-1\" \/>\n<link rel=\"canonical\" href=\"https:\/\/uruguayaudiovisual.com\/en\/festival\/puentes-al-sur\/\" \/>\n<meta property=\"og:locale\" content=\"en_US\" \/>\n<meta property=\"og:type\" content=\"article\" \/>\n<meta property=\"og:title\" content=\"PUENTES AL SUR - Uruguay Audiovisual\" \/>\n<meta property=\"og:description\" content=\"PUENTES AL SUR es un festival internacional de cine con sede en Uruguay que nace para contar historias sobre movimiento, movilidad humana y migraci\u00f3n latinoamericana y caribe\u00f1a por el mundo.\" \/>\n<meta property=\"og:url\" content=\"https:\/\/uruguayaudiovisual.com\/en\/festival\/puentes-al-sur\/\" \/>\n<meta property=\"og:site_name\" content=\"Uruguay Audiovisual\" \/>\n<meta property=\"article:modified_time\" content=\"2026-04-27T20:21:49+00:00\" \/>\n<meta property=\"og:image\" content=\"https:\/\/uruguayaudiovisual.com\/wp-content\/uploads\/2022\/10\/puentes-al-sur.png\" \/>\n\t<meta property=\"og:image:width\" content=\"802\" \/>\n\t<meta property=\"og:image:height\" content=\"375\" \/>\n\t<meta property=\"og:image:type\" content=\"image\/png\" \/>\n<meta name=\"twitter:card\" content=\"summary_large_image\" \/>\n<meta name=\"twitter:label1\" content=\"Est. reading time\" \/>\n\t<meta name=\"twitter:data1\" content=\"1 minute\" \/>\n<script type=\"application\/ld+json\" class=\"yoast-schema-graph\">{\"@context\":\"https:\/\/schema.org\",\"@graph\":[{\"@type\":\"WebPage\",\"@id\":\"https:\/\/uruguayaudiovisual.com\/en\/festival\/puentes-al-sur\/\",\"url\":\"https:\/\/uruguayaudiovisual.com\/en\/festival\/puentes-al-sur\/\",\"name\":\"PUENTES AL SUR - Uruguay Audiovisual\",\"isPartOf\":{\"@id\":\"https:\/\/uruguayaudiovisual.com\/en\/#website\"},\"primaryImageOfPage\":{\"@id\":\"https:\/\/uruguayaudiovisual.com\/en\/festival\/puentes-al-sur\/#primaryimage\"},\"image\":{\"@id\":\"https:\/\/uruguayaudiovisual.com\/en\/festival\/puentes-al-sur\/#primaryimage\"},\"thumbnailUrl\":\"https:\/\/uruguayaudiovisual.com\/wp-content\/uploads\/2022\/10\/puentes-al-sur.png\",\"datePublished\":\"2022-10-13T18:04:30+00:00\",\"dateModified\":\"2026-04-27T20:21:49+00:00\",\"description\":\"PUENTES AL SUR es un festival internacional de cine con sede en Uruguay que nace para contar historias sobre movimiento, movilidad humana y migraci\u00f3n latinoamericana y caribe\u00f1a por el mundo.\",\"breadcrumb\":{\"@id\":\"https:\/\/uruguayaudiovisual.com\/en\/festival\/puentes-al-sur\/#breadcrumb\"},\"inLanguage\":\"en-US\",\"potentialAction\":[{\"@type\":\"ReadAction\",\"target\":[\"https:\/\/uruguayaudiovisual.com\/en\/festival\/puentes-al-sur\/\"]}]},{\"@type\":\"ImageObject\",\"inLanguage\":\"en-US\",\"@id\":\"https:\/\/uruguayaudiovisual.com\/en\/festival\/puentes-al-sur\/#primaryimage\",\"url\":\"https:\/\/uruguayaudiovisual.com\/wp-content\/uploads\/2022\/10\/puentes-al-sur.png\",\"contentUrl\":\"https:\/\/uruguayaudiovisual.com\/wp-content\/uploads\/2022\/10\/puentes-al-sur.png\",\"width\":802,\"height\":375},{\"@type\":\"BreadcrumbList\",\"@id\":\"https:\/\/uruguayaudiovisual.com\/en\/festival\/puentes-al-sur\/#breadcrumb\",\"itemListElement\":[{\"@type\":\"ListItem\",\"position\":1,\"name\":\"Portada\",\"item\":\"https:\/\/uruguayaudiovisual.com\/en\/\"},{\"@type\":\"ListItem\",\"position\":2,\"name\":\"PUENTES AL SUR\"}]},{\"@type\":\"WebSite\",\"@id\":\"https:\/\/uruguayaudiovisual.com\/en\/#website\",\"url\":\"https:\/\/uruguayaudiovisual.com\/en\/\",\"name\":\"Uruguay Audiovisual\",\"description\":\"Uruguay Audiovisual\",\"publisher\":{\"@id\":\"https:\/\/uruguayaudiovisual.com\/en\/#organization\"},\"potentialAction\":[{\"@type\":\"SearchAction\",\"target\":{\"@type\":\"EntryPoint\",\"urlTemplate\":\"https:\/\/uruguayaudiovisual.com\/en\/?s={search_term_string}\"},\"query-input\":{\"@type\":\"PropertyValueSpecification\",\"valueRequired\":true,\"valueName\":\"search_term_string\"}}],\"inLanguage\":\"en-US\"},{\"@type\":\"Organization\",\"@id\":\"https:\/\/uruguayaudiovisual.com\/en\/#organization\",\"name\":\"Uruguay Audiovisual\",\"url\":\"https:\/\/uruguayaudiovisual.com\/en\/\",\"logo\":{\"@type\":\"ImageObject\",\"inLanguage\":\"en-US\",\"@id\":\"https:\/\/uruguayaudiovisual.com\/en\/#\/schema\/logo\/image\/\",\"url\":\"https:\/\/uruguayaudiovisual.com\/wp-content\/uploads\/2020\/01\/LOGO-URUGUAY-AUDIOVISUAL-colores-01.svg\",\"contentUrl\":\"https:\/\/uruguayaudiovisual.com\/wp-content\/uploads\/2020\/01\/LOGO-URUGUAY-AUDIOVISUAL-colores-01.svg\",\"width\":226,\"height\":84,\"caption\":\"Uruguay Audiovisual\"},\"image\":{\"@id\":\"https:\/\/uruguayaudiovisual.com\/en\/#\/schema\/logo\/image\/\"}}]}<\/script>\n<!-- \/ Yoast SEO plugin. -->","yoast_head_json":{"title":"PUENTES AL SUR - Uruguay Audiovisual","description":"PUENTES AL SUR es un festival internacional de cine con sede en Uruguay que nace para contar historias sobre movimiento, movilidad humana y migraci\u00f3n latinoamericana y caribe\u00f1a por el mundo.","robots":{"index":"index","follow":"follow","max-snippet":"max-snippet:-1","max-image-preview":"max-image-preview:large","max-video-preview":"max-video-preview:-1"},"canonical":"https:\/\/uruguayaudiovisual.com\/en\/festival\/puentes-al-sur\/","og_locale":"en_US","og_type":"article","og_title":"PUENTES AL SUR - Uruguay Audiovisual","og_description":"PUENTES AL SUR es un festival internacional de cine con sede en Uruguay que nace para contar historias sobre movimiento, movilidad humana y migraci\u00f3n latinoamericana y caribe\u00f1a por el mundo.","og_url":"https:\/\/uruguayaudiovisual.com\/en\/festival\/puentes-al-sur\/","og_site_name":"Uruguay Audiovisual","article_modified_time":"2026-04-27T20:21:49+00:00","og_image":[{"width":802,"height":375,"url":"https:\/\/uruguayaudiovisual.com\/wp-content\/uploads\/2022\/10\/puentes-al-sur.png","type":"image\/png"}],"twitter_card":"summary_large_image","twitter_misc":{"Est. reading time":"1 minute"},"schema":{"@context":"https:\/\/schema.org","@graph":[{"@type":"WebPage","@id":"https:\/\/uruguayaudiovisual.com\/en\/festival\/puentes-al-sur\/","url":"https:\/\/uruguayaudiovisual.com\/en\/festival\/puentes-al-sur\/","name":"PUENTES AL SUR - Uruguay Audiovisual","isPartOf":{"@id":"https:\/\/uruguayaudiovisual.com\/en\/#website"},"primaryImageOfPage":{"@id":"https:\/\/uruguayaudiovisual.com\/en\/festival\/puentes-al-sur\/#primaryimage"},"image":{"@id":"https:\/\/uruguayaudiovisual.com\/en\/festival\/puentes-al-sur\/#primaryimage"},"thumbnailUrl":"https:\/\/uruguayaudiovisual.com\/wp-content\/uploads\/2022\/10\/puentes-al-sur.png","datePublished":"2022-10-13T18:04:30+00:00","dateModified":"2026-04-27T20:21:49+00:00","description":"PUENTES AL SUR es un festival internacional de cine con sede en Uruguay que nace para contar historias sobre movimiento, movilidad humana y migraci\u00f3n latinoamericana y caribe\u00f1a por el mundo.","breadcrumb":{"@id":"https:\/\/uruguayaudiovisual.com\/en\/festival\/puentes-al-sur\/#breadcrumb"},"inLanguage":"en-US","potentialAction":[{"@type":"ReadAction","target":["https:\/\/uruguayaudiovisual.com\/en\/festival\/puentes-al-sur\/"]}]},{"@type":"ImageObject","inLanguage":"en-US","@id":"https:\/\/uruguayaudiovisual.com\/en\/festival\/puentes-al-sur\/#primaryimage","url":"https:\/\/uruguayaudiovisual.com\/wp-content\/uploads\/2022\/10\/puentes-al-sur.png","contentUrl":"https:\/\/uruguayaudiovisual.com\/wp-content\/uploads\/2022\/10\/puentes-al-sur.png","width":802,"height":375},{"@type":"BreadcrumbList","@id":"https:\/\/uruguayaudiovisual.com\/en\/festival\/puentes-al-sur\/#breadcrumb","itemListElement":[{"@type":"ListItem","position":1,"name":"Portada","item":"https:\/\/uruguayaudiovisual.com\/en\/"},{"@type":"ListItem","position":2,"name":"PUENTES AL SUR"}]},{"@type":"WebSite","@id":"https:\/\/uruguayaudiovisual.com\/en\/#website","url":"https:\/\/uruguayaudiovisual.com\/en\/","name":"Uruguay Audiovisual","description":"Uruguay Audiovisual","publisher":{"@id":"https:\/\/uruguayaudiovisual.com\/en\/#organization"},"potentialAction":[{"@type":"SearchAction","target":{"@type":"EntryPoint","urlTemplate":"https:\/\/uruguayaudiovisual.com\/en\/?s={search_term_string}"},"query-input":{"@type":"PropertyValueSpecification","valueRequired":true,"valueName":"search_term_string"}}],"inLanguage":"en-US"},{"@type":"Organization","@id":"https:\/\/uruguayaudiovisual.com\/en\/#organization","name":"Uruguay Audiovisual","url":"https:\/\/uruguayaudiovisual.com\/en\/","logo":{"@type":"ImageObject","inLanguage":"en-US","@id":"https:\/\/uruguayaudiovisual.com\/en\/#\/schema\/logo\/image\/","url":"https:\/\/uruguayaudiovisual.com\/wp-content\/uploads\/2020\/01\/LOGO-URUGUAY-AUDIOVISUAL-colores-01.svg","contentUrl":"https:\/\/uruguayaudiovisual.com\/wp-content\/uploads\/2020\/01\/LOGO-URUGUAY-AUDIOVISUAL-colores-01.svg","width":226,"height":84,"caption":"Uruguay Audiovisual"},"image":{"@id":"https:\/\/uruguayaudiovisual.com\/en\/#\/schema\/logo\/image\/"}}]}},"_links":{"self":[{"href":"https:\/\/uruguayaudiovisual.com\/en\/wp-json\/wp\/v2\/festival\/16148","targetHints":{"allow":["GET"]}}],"collection":[{"href":"https:\/\/uruguayaudiovisual.com\/en\/wp-json\/wp\/v2\/festival"}],"about":[{"href":"https:\/\/uruguayaudiovisual.com\/en\/wp-json\/wp\/v2\/types\/festival"}],"wp:featuredmedia":[{"embeddable":true,"href":"https:\/\/uruguayaudiovisual.com\/en\/wp-json\/wp\/v2\/media\/16149"}],"wp:attachment":[{"href":"https:\/\/uruguayaudiovisual.com\/en\/wp-json\/wp\/v2\/media?parent=16148"}],"wp:term":[{"taxonomy":"festival_categoria","embeddable":true,"href":"https:\/\/uruguayaudiovisual.com\/en\/wp-json\/wp\/v2\/festival_categoria?post=16148"}],"curies":[{"name":"wp","href":"https:\/\/api.w.org\/{rel}","templated":true}]}}

<p>PUENTES AL SUR es un festival internacional de cine con sede en Uruguay que nace para contar historias sobre movimiento, movilidad humana y migración latinoamericana y caribeña por el mundo.</p>



<p>Como los puentes, busca conectar, transitar, caminar y crear nuevos escenarios posibles a través de un audiovisual contemporáneo que trasciende fronteras geográficas tanto internas como externas.</p>



<p>Su misión desde el cine es tejer redes, sensibilizar, generar aprendizajes y desmitificar estereotipos sobre la movilidad humana, revalorizando las experiencias y trayectorias de quienes se mueven, transitan y transforman territorios.</p>



<p>El festival propone un espacio descentralizado de encuentro e intercambio de saberes, funcionando como hervidero creativo para promover narrativas más inclusivas, diversas y resilientes hacia la movilidad y los derechos humanos.</p>

<p>PUENTES AL SUR es un festival internacional de cine con sede en Uruguay que nace para contar historias sobre movimiento, movilidad humana y migración latinoamericana y caribeña por el mundo. Como los puentes, busca conectar, transitar,</p>

<!-- This site is optimized with the Yoast SEO plugin v25.0 - https://yoast.com/wordpress/plugins/seo/ -->
<title>PUENTES AL SUR - Uruguay Audiovisual</title>
<meta name="description" content="PUENTES AL SUR es un festival internacional de cine con sede en Uruguay que nace para contar historias sobre movimiento, movilidad humana y migración latinoamericana y caribeña por el mundo." />
<meta name="robots" content="index, follow, max-snippet:-1, max-image-preview:large, max-video-preview:-1" />
<link rel="canonical" href="https://uruguayaudiovisual.com/en/festival/puentes-al-sur/" />
<meta property="og:locale" content="en_US" />
<meta property="og:type" content="article" />
<meta property="og:title" content="PUENTES AL SUR - Uruguay Audiovisual" />
<meta property="og:description" content="PUENTES AL SUR es un festival internacional de cine con sede en Uruguay que nace para contar historias sobre movimiento, movilidad humana y migración latinoamericana y caribeña por el mundo." />
<meta property="og:url" content="https://uruguayaudiovisual.com/en/festival/puentes-al-sur/" />
<meta property="og:site_name" content="Uruguay Audiovisual" />
<meta property="article:modified_time" content="2026-04-27T20:21:49+00:00" />
<meta property="og:image" content="https://uruguayaudiovisual.com/wp-content/uploads/2022/10/puentes-al-sur.png" />
	<meta property="og:image:width" content="802" />
	<meta property="og:image:height" content="375" />
	<meta property="og:image:type" content="image/png" />
<meta name="twitter:card" content="summary_large_image" />
<meta name="twitter:label1" content="Est. reading time" />
	<meta name="twitter:data1" content="1 minute" />
<script type="application/ld+json" class="yoast-schema-graph">{"@context":"https://schema.org","@graph":[{"@type":"WebPage","@id":"https://uruguayaudiovisual.com/en/festival/puentes-al-sur/","url":"https://uruguayaudiovisual.com/en/festival/puentes-al-sur/","name":"PUENTES AL SUR - Uruguay Audiovisual","isPartOf":{"@id":"https://uruguayaudiovisual.com/en/#website"},"primaryImageOfPage":{"@id":"https://uruguayaudiovisual.com/en/festival/puentes-al-sur/#primaryimage"},"image":{"@id":"https://uruguayaudiovisual.com/en/festival/puentes-al-sur/#primaryimage"},"thumbnailUrl":"https://uruguayaudiovisual.com/wp-content/uploads/2022/10/puentes-al-sur.png","datePublished":"2022-10-13T18:04:30+00:00","dateModified":"2026-04-27T20:21:49+00:00","description":"PUENTES AL SUR es un festival internacional de cine con sede en Uruguay que nace para contar historias sobre movimiento, movilidad humana y migración latinoamericana y caribeña por el mundo.","breadcrumb":{"@id":"https://uruguayaudiovisual.com/en/festival/puentes-al-sur/#breadcrumb"},"inLanguage":"en-US","potentialAction":[{"@type":"ReadAction","target":["https://uruguayaudiovisual.com/en/festival/puentes-al-sur/"]}]},{"@type":"ImageObject","inLanguage":"en-US","@id":"https://uruguayaudiovisual.com/en/festival/puentes-al-sur/#primaryimage","url":"https://uruguayaudiovisual.com/wp-content/uploads/2022/10/puentes-al-sur.png","contentUrl":"https://uruguayaudiovisual.com/wp-content/uploads/2022/10/puentes-al-sur.png","width":802,"height":375},{"@type":"BreadcrumbList","@id":"https://uruguayaudiovisual.com/en/festival/puentes-al-sur/#breadcrumb","itemListElement":[{"@type":"ListItem","position":1,"name":"Portada","item":"https://uruguayaudiovisual.com/en/"},{"@type":"ListItem","position":2,"name":"PUENTES AL SUR"}]},{"@type":"WebSite","@id":"https://uruguayaudiovisual.com/en/#website","url":"https://uruguayaudiovisual.com/en/","name":"Uruguay Audiovisual","description":"Uruguay Audiovisual","publisher":{"@id":"https://uruguayaudiovisual.com/en/#organization"},"potentialAction":[{"@type":"SearchAction","target":{"@type":"EntryPoint","urlTemplate":"https://uruguayaudiovisual.com/en/?s={search_term_string}"},"query-input":{"@type":"PropertyValueSpecification","valueRequired":true,"valueName":"search_term_string"}}],"inLanguage":"en-US"},{"@type":"Organization","@id":"https://uruguayaudiovisual.com/en/#organization","name":"Uruguay Audiovisual","url":"https://uruguayaudiovisual.com/en/","logo":{"@type":"ImageObject","inLanguage":"en-US","@id":"https://uruguayaudiovisual.com/en/#/schema/logo/image/","url":"https://uruguayaudiovisual.com/wp-content/uploads/2020/01/LOGO-URUGUAY-AUDIOVISUAL-colores-01.svg","contentUrl":"https://uruguayaudiovisual.com/wp-content/uploads/2020/01/LOGO-URUGUAY-AUDIOVISUAL-colores-01.svg","width":226,"height":84,"caption":"Uruguay Audiovisual"},"image":{"@id":"https://uruguayaudiovisual.com/en/#/schema/logo/image/"}}]}</script>
<!-- / Yoast SEO plugin. -->

PUENTES AL SUR es un festival internacional de cine con sede en Uruguay que nace para contar historias sobre movimiento, movilidad humana y migración latinoamericana y caribeña por el mundo.
